hat is c(0)?
4
Let i(k) be the third derivative of -k**4/8 + k**3/6 + 4*k**2. Determine i(7).
-20
Let x be 71/(-4) - 1/4. Let w be x/63 - 46/(-14). Let j(z) = 2*z - 5. Let u(v) = 4*v - 11. Let a(h) = -9*j(h) + 4*u(h). Calculate a(w).
-5
Let j(c) = 10*c**2 - 11*c + 25. Let p(q) = -3*q**2 + 4*q - 8. Let g(o) = -2*j(o) - 7*p(o). Give g(5).
1
Let i(b) = -9*b**2. Suppose 0 = 2*v - 3*v + 3. Suppose -4*k = 2*q - 6*q + 4, -q + v*k = -1. Calculate i(q).
-9
Let r be -3*(-1)/(-1 + -2). Let d(k) be the second derivative of 0*k**3 + 0 + 1/2*k**4 - 1/2*k**2 - 3*k. Give d(r).
5
Let n(f) = 6 + f + 3 + 0*f + 4. Give n(-6).
7
Let i = -1 + 1. Suppose -4*q + 0 + 8 = 0. Let m(j) = -j**2 - 4 + j**q + j**2 + 1. Calculate m(i).
-3
Let a = -18 - -39/2. Let m(b) be the first derivative of a*b**2 - 2 + 1/3*b**3 - 3*b. What is m(-5)?
7
Let q(a) = 3*a**2 + a + 3. Let j(k) = 56*k**2 + 22. Let i(t) = -5*t**2 - 2. Let c(o) = 68*i(o) + 6*j(o). Let d(y) = 2*c(y) + 3*q(y). What is d(-3)?
1
Let g(n) = n**3 + n**2 + n - 11. Let m be 0*2/4*-1. What is g(m)?
-11
Let u(k) be the third derivative of k**6/120 - k**5/60 + k**4/24 + 2*k**3/3 + 2*k**2. Let h be u(0). Let t = h - 1. Let f(g) = -2*g**2 + 3*g + 3. What is f(t)?
-6
Let a(h) = 3*h + 17. Let p(z) = -4*z - 19. Let j(x) = -3*a(x) - 2*p(x). What is j(-16)?
3
Let x(m) = 2*m + 47 + 32 - m**3 - 70 - 7*m**2. Determine x(-7).
-5
Let v(c) = c**3 - 4*c**2 + 4*c - 6. Suppose 2*z + 12 = -5*r, 0*z - r + 4 = 2*z. Determine v(z).
10
Suppose 0 = d - 4*d - 12. Let h(t) be the third derivative of -t**6/720 + t**5/30 + t**4/12 + 2*t**2. Let s(f) be the second derivative of h(f). Calculate s(d).
8
Let l be 1 - 3 - (1 + -2). Let h = -1 + l. Let p be h/4 + 4/8. Let o(j) = j**3 - j**2 - j + 5. Calculate o(p).
5
Let o(k) be the first derivative of -k**4/4 + 4*k**3/3 + 2*k - 31. Determine o(3).
11
Let l(h) = h**3 - 3*h - 11. Let s(b) = 3*b**3 - 7*b - 21. Let f(p) = -5*l(p) + 2*s(p). Calculate f(0).
13
Let w(m) = 10*m**3 - 3*m**2 - 12. Let y(j) = 7*j**3 - 2*j**2 - 8. Let t(q) = 5*w(q) - 7*y(q). What is t(0)?
-4
Suppose t + 4 = -2*o - 2*t, 0 = 4*t. Let z(u) = u**2 + 7*u + 7. Let f(b) = b + 1. Let s(q) = -6*f(q) + z(q). Determine s(o).
3
Let w(c) = -1 - 4*c + 0*c**2 + 4*c**2 - c**3 + c**2. Let b(y) = y**2 - y - 2. Let h be b(3). Suppose -4*t + 4*p - h = -2*t, -p = -5*t + 17. Calculate w(t).
-1
Let d(a) = -a - 1. Let p be d(-6). Let w(z) = z**2 - 4*z - 3. Let i be w(p). Suppose -4 + 10 = -i*m - 4*u, 6 = m - u. Let o(f) = -3*f + 4. Calculate o(m).
-5
Let a(v) be the first derivative of -1/2*v**2 - 3*v + 2. Let p = 4 - 1. Calculate a(p).
-6
Let q(f) = -f - 1. Suppose -12*x + x + 33 = 0. Calculate q(x).
-4
Let h(s) = -s**3 + s**2 - 16. Let b be h(0). Let x be (-2)/6 - b/3. Let j(r) = -x - r**2 + 4*r + 0 + r. What is j(4)?
-1
Let b be (-1)/(((-1)/3)/(-1)). Let w(a) = -a**2 - a + 2. Determine w(b).
-4
Suppose 6*a + 10 = -3*f + 10*a, -f + 4*a = -2. Let x(v) = 2*v. What is x(f)?
-12
Let c(m) = m - 4. Let r(s) be the third derivative of s**4/24 + s**3 + s**2. Let d be r(-3). Suppose d*g - 4*g + 4 = 0. What is c(g)?
0
Let b(y) = -18*y**3 + y**2. Let v be ((-12)/(-66))/((-2)/(-11)). Give b(v).
-17
Let k be 2 - 4 - -2 - -3. Suppose -3*p - k = -0*p. Let c(s) = 73*s**2 - 68*s**2 + 0 + 0. Calculate c(p).
5
Let a(d) = 0*d**3 - 6*d**2 + d + 0*d**3 - d**3. Suppose -5*l = q - 29, 7 = 4*l - 4*q + 3. Suppose 0 = l*r - 0*r + 30. Give a(r).
-6
Let m(s) = -s**3 - s**2 + 4*s - 3. Let u(q) = q - 2. Let j be u(-5). Let g = -5 - j. Give m(g).
-7
Let g(h) be the first derivative of h**4/4 - h**3/3 - h**2/2 + 3*h + 30. Suppose -3*a - 8 = a. Let j = a - -2. What is g(j)?
3
Suppose h + 23 = 5*l + 3, 0 = 4*l - 4*h - 16. Let i(v) = 5*v - 4 - v + v**2 - v**3 + 2*v**2. Give i(l).
-4
Suppose 3*m = -j + 4*m + 7, j - 3*m - 17 = 0. Let k(b) = b**3 + 4*b**2 + 0*b + 1 + 3*b - j*b. Give k(-3).
7
Let o(v) be the first derivative of v**4/4 + 4*v**3/3 - 3*v**2 + 2*v - 2. Let g(n) = -3*n + 1. Let d be g(2). Give o(d).
7
Let t(j) = -17 + 9 + j + 10. Calculate t(4).
6
Suppose -2*h = -3*h + 2*g + 4, 0 = 3*h + 3*g - 3. Let o(n) be the second derivative of 1/6*n**3 - 5/2*n**h + 2*n + 0. What is o(5)?
0
Let b(t) = -t**2 - 5*t + 5. Let j(a) = a**2 + 6*a - 1. Let d be j(-5). Give b(d).
-1
Let c(b) = 39*b**3 - 21*b**3 - 17*b**3 + b - 5*b**2 - 1. Determine c(5).
4
Let x(z) be the first derivative of -3*z + 2*z**2 - 1/3*z**3 + 7. Give x(3).
0
Let s(v) be the third derivative of v**5/60 - 4*v**3/3 - 6*v**2. Let w = -22 - -22. Calculate s(w).
-8
Let c(s) = s. Let k be -1 - (12/(-4))/(-3). Let f be (k/5)/(12/(-30)). Give c(f).
1
Let m = 19 + -6. Suppose 0 = 4*p + t - m, -t - 19 = -p + 4*t. Let y be 1/2 - (-22)/p. Let w(o) = -o + 2. Give w(y).
-4
Suppose -4*s + 5 = 1. Let b(w) be the second derivative of -w**5/5 - w**4/12 + w**3/6 + 9*w. Let m be b(s). Let k(y) = -y**2 - 6*y - 2. Determine k(m).
6
Let q(v) be the first derivative of v**5/20 - v**4/8 + 4*v**3/3 + 2. Let b(j) be the third derivative of q(j). Give b(2).
9
Let h = 15 + -17. Let a(s) = s**3 + 3*s**2 + 4*s + 3. Give a(h).
-1
Suppose -5*u = -4*u - 2. Let t(n) = -3 - 2*n + n - u*n + 2*n**2 - 3*n**2. Calculate t(-3).
-3
Let z(x) = 7*x - 3. Let k be z(2). Suppose -3*j - 2*g = k, -4*j = -2*j - 4*g - 14. Let h be (j/3)/((-2)/(-6)). Let f(v) = v**3 - v**2. Give f(h).
-2
Let c(z) = -z - 25. Let r be c(-19). Let k(u) = u**2 + 5*u - 5. Determine k(r).
1
Let q(n) = 5*n + 4. Let f(o) = -4*o - 4. Let m(g) = 6*f(g) + 5*q(g). Determine m(0).
-4
Let l(h) = -3*h**2 + 7*h - 2. Let z(o) = -o + 0*o - 4*o + 2*o**2 + 1. Let t(b) = 5*l(b) + 8*z(b). What is t(5)?
-2
Let b(v) = -v**2 + 4*v + 2. Let l = -25 + 28. Determine b(l).
5
Let l(g) = 0*g + 5*g**2 + 6*g**3 - 7*g**3 - 4 + 3*g - 5*g. Give l(3).
8
Suppose 0 - 5 = -o. Let c(w) = -w**2 + w + 0*w**3 + o*w**3 - 2*w**3 - 4*w**3 + 1. Let i(h) = h**3 - 4*h**2 - h + 2. Let k be i(4). Calculate c(k).
3
Let a be (-1 + -2)*8/(-12). Let k be 1/a*(11 - 3). Suppose -5*q = 2*x - 5*x, -4*x - k*q = 0. Let r(t) = -t**2 - t + 4. Calculate r(x).
4
Suppose -3*n = 4*t - 9, 4*n = -2*t - 0*n + 12. Suppose -28 = -s - 3*s. Let z(h) = h**3 - 3*h - h**2 - s + 3*h - h. What is z(t)?
-7
Suppose -7 = 2*z - 3*z + 3*i, 0 = -2*z + 4*i + 6. Let q(a) = 2*a + 6. Calculate q(z).
-4
Suppose -5*q = 7 + 3. Let o(g) = g**2 + 7*g + 7. Let p be o(-7). Let w(y) = 18*y - p*y + y**2 - 10*y. Determine w(q).
2
Let j(z) = -z + 5. Let l(q) = 3*q - 11. Let x(a) = -9*j(a) - 4*l(a). Give x(1).
-4
Suppose z + 2*t + 17 = -2*t, 7 = -2*z + t. Let x = -32 + 23. Let l = z - x. Let h(o) = o + 1. What is h(l)?
5
Suppose 3 = s - 0. Let k(i) = -s*i + 1 - 2*i - i**2 - 1 - 6. Give k(-5).
-6
Let g(q) = -6 + 108*q**2 - 109*q**2 + q + 5*q. What is g(5)?
-1
Let n(s) = s**2 + 11*s - 9. Let l(o) = 2*o**2 + 10*o - 10. Let y(c) = 2*l(c) - 3*n(c). Calculate y(13).
7
Let s(q) = 1 - q**3 + 3 + 4*q**2 - 5*q + q**2. Let l(m) be the first derivative of -m**4/4 - m**3/3 - m**2/2 - 2*m - 2. Let x be l(-2). What is s(x)?
0
Let k be 9 + 2 + -1 + -3. Let f(t) = -t**3 + 6*t**2 + 6*t + 9. Determine f(k).
2
Let z(l) = 2*l**2 + 668 - l**2 - 675 + 7*l. Calculate z(-8).
1
Let u(i) = -i. Let g(r) be the second derivative of r**3/3 + 2*r. Let a(k) = 2*g(k) + 3*u(k). Give a(-1).
-1
Let o(p) be the second derivative of -p**5/120 + 3*p**4/8 + p**3/3 - 2*p. Let t(y) be the second derivative of o(y). Give t(5).
4
Let i(s) be the second derivative of -s**3/6 - 11*s**2/2 - 5*s. Give i(-6).
-5
Let t(z) be the second derivative of 0 - 4*z - 1/12*z**4 - 1/20*z**5 + 1/2*z**3 + 3/2*z**2. Suppose -2*b - 8 = -4. Calculate t(b).
1
Let o(w) = 2*w - 1. Let c be o(3). Let s(y) = y**3 - 5*y**2 - y + 3. What is s(c)?
-2
Let k = -8 + 12. Let z(o) = -o**3 + 5*o**2 - 3*o - 2. Determine z(k).
2
Suppose -4*q - 5 = 19. Let l(o) = 928*o - 925*o + 5 + 3. Give l(q).
-10
Suppose 2*t + 3 + 3 = 0. Let g(p) = 4*p + 2. Calculate g(t).
-10
Let g(i) = 2 + 13*i + 4 - 3 - 17*i. What is g(-4)?
19
Let u(g) = 0 - 6 - g**2 + 5. Let s be 1*-1 - 0 - 2. Give u(s).
-10
Let l(w) = 2*w - 22. Let g be l(10). Let z(t) = -3*t**2 + 2*t**2 + 6 + 4*t - 3. Give z(g).
-9
Let z be ((-2)/(-5) - (-49)/(-35))*7. Let j(t) = -t**2 - 7*t + 2. Determine j(z).
2
Let n be 3 - 2 - (1 + 0). Let g(s) = s - 1 + 7*s**2 + n + 0. Calculate g(1).
7
Let c(d) be the second derivative of